2?
True
Does 66 divide 699196?
False
Is 10143 a multiple of 49?
True
Does 6 divide 51270?
True
Does 30 divide 749326?
False
Is 435 a factor of 1011353?
False
Is 4340829 a multiple of 1097?
True
Is 111 a factor of 160375?
False
Is 1652550 a multiple of 15?
True
Does 33 divide 39876?
False
Is 141 a factor of 2988918?
True
Is 866 a factor of 22780653?
False
Does 410 divide 6129090?
True
Is 11417471 a multiple of 106?
False
Is 482836 a multiple of 11?
False
Does 12 divide 1460611?
False
Is 1766957 a multiple of 87?
False
Does 39 divide 2416594?
False
Is 101394 a multiple of 9?
True
Is 12 a factor of 263532?
True
Is 143575 a multiple of 64?
False
Does 11 divide 14035146?
False
Is 3713532 a multiple of 63?
False
Does 14 divide 921312?
True
Is 179102 a multiple of 168?
False
Is 1070296 a multiple of 4?
True
Is 93 a factor of 190092?
True
Does 368 divide 1065607?
False
Does 3 divide 112650?
True
Is 30 a factor of 19415?
False
Is 1949714 a multiple of 434?
False
Is 471860 a multiple of 11?
False
Does 3 divide 126255?
True
Does 66 divide 2233374?
True
Is 18 a factor of 499208?
False
Is 250 a factor of 199973?
False
Is 269476 a multiple of 23?
False
Is 379 a factor of 1503782?
False
Does 145 divide 28321?
False
Is 1648689 a multiple of 150?
False
Is 778680 a multiple of 54?
True
Is 128 a factor of 59778?
False
Does 108 divide 55502?
False
Is 75960 a multiple of 3?
True
Does 51 divide 599811?
True
Is 557 a factor of 753064?
True
Does 417 divide 156891?
False
Is 2 a factor of 4047?
False
Is 34 a factor of 842656?
True
Does 126 divide 183726?
False
Is 2 a factor of 884?
True
Is 324 a factor of 6755400?
True
Is 3377286 a multiple of 14?
False
Is 8466 a multiple of 4?
False
Is 150 a factor of 1544850?
True
Is 3 a factor of 286553?
False
Does 148 divide 68672?
True
Is 172144 a multiple of 371?
True
Does 443 divide 672996?
False
Does 79 divide 2476924?
False
Is 118750 a multiple of 19?
True
Is 21 a factor of 17214632?
False
Is 13113 a multiple of 31?
True
Is 4709359 a multiple of 96?
False
Does 28 divide 447107?
False
Is 163 a factor of 186187?
False
Is 8902860 a multiple of 15?
True
Does 823 divide 3553450?
False
Is 41951 a multiple of 13?
True
Is 21600800 a multiple of 155?
True
Does 367 divide 526990?
False
Is 949564 a multiple of 154?
True
Is 232401 a multiple of 195?
False
Does 9 divide 114684?
False
Is 3574197 a multiple of 99?
True
Does 145 divide 88595?
True
Is 26451 a multiple of 8?
False
Does 11 divide 115511?
True
Does 15 divide 311130?
True
Is 331 a factor of 6199961?
True
Is 5238680 a multiple of 226?
True
Does 15 divide 1301348?
False
Does 31 divide 5810798?
False
Is 4229570 a multiple of 302?
False
Is 27276970 a multiple of 19?
True
Is 1841674 a multiple of 562?
True
Is 122247 a multiple of 25?
False
Does 32 divide 4184192?
True
Is 2762661 a multiple of 8?
False
Does 21 divide 512501?
False
Does 5 divide 70721?
False
Is 2056 a factor of 388584?
True
Is 33732 a multiple of 72?
False
Is 1312402 a multiple of 182?
True
Does 24 divide 386430?
False
Is 5040 a multiple of 28?
True
Is 5 a factor of 6415?
True
Is 2 a factor of 590487?
False
Is 4938813 a multiple of 27?
True
Does 6 divide 1927932?
True
Is 27 a factor of 2317862?
False
Does 61 divide 563518?
True
Does 6 divide 632056?
False
Is 321746 a multiple of 38?
True
Does 45 divide 1104705?
True
Is 137016 a multiple of 66?
True
Is 477711 a multiple of 7?
False
Does 74 divide 110186?
True
Does 10 divide 2834390?
True
Is 4503579 a multiple of 63?
False
Is 18 a factor of 278224?
False
Is 107 a factor of 1847783?
True
Is 3718000 a multiple of 9?
False
Does 195 divide 1028235?
True
Is 185852 a multiple of 97?
True
Does 257 divide 716057?
False
Is 9732460 a multiple of 15?
False
Does 24 divide 790296?
True
Is 318 a factor of 348210?
True
Is 10 a factor of 1844249?
False
Is 50 a factor of 87500?
True
Is 100 a factor of 645461?
False
Is 2401652 a multiple of 4?
True
Is 18671038 a multiple of 1545?
False
Is 81525 even?
False
Is 637 a factor of 34620?
False
Does 9 divide 200646?
True
Is 7276632 a multiple of 6?
True
Does 92 divide 365064?
False
Does 129 divide 227341?
False
Does 28 divide 135940?
True
Does 6 divide 291775?
False
Does 244 divide 8674272?
False
Is 236 a factor of 41493?
False
Does 36 divide 95389?
False
Is 149937 a multiple of 53?
True
Does 16 divide 61045?
False
Is 22 a factor of 702966?
True
Is 595236 a multiple of 12?
True
Is 4015651 a multiple of 164?
False
Is 227642 a multiple of 126?
False
Is 49 a factor of 117102?
False
Is 245322 a multiple of 2?
True
Is 3136277 a multiple of 667?
False
Is 189623 a multiple of 12?
False
Does 54 divide 283770?
True
Is 142 a factor of 209734?
True
Is 15958144 a multiple of 9?
False
Does 13 divide 84578?
True
Is 72 a factor of 1024344?
True
Is 530004 a multiple of 4?
True
Is 175 a factor of 2580900?
True
Is 3041112 a multiple of 24?
True
Does 324 divide 1496880?
True
Is 343 a factor of 3285597?
True
Is 328907 a multiple of 24?
False
Does 109 divide 5445096?
False
Does 168 divide 108864?
True
Is 89 a factor of 6456416?
True
Is 4 a factor of 45166?
False
Is 360120 a multiple of 24?
True
Is 150176 a multiple of 26?
True
Is 1207844 a multiple of 6?
False
Is 5 a factor of 195517?
False
Is 7646242 a multiple of 1450?
False
Is 1709976 a multiple of 16?
False
Does 92 divide 353280?
True
Is 7 a factor of 286933?
False
Is 32 a factor of 2133387?
False
Is 42082 a multiple of 106?
True
Is 23 a factor of 238671?
True
Is 17 a factor of 2781055?
False
Does 17 divide 205914?
False
Is 176366 a multiple of 20?
False
Does 3 divide 43835?
False
Is 647515 a multiple of 11?
True
Is 2 a factor of 89365?
False
Is 346376 a multiple of 29?
True
Is 12 a factor of 400992?
True
Is 892 a factor of 4777552?
True
Is 32311 a multiple of 16?
False
Does 11 divide 2661703?
True
Is 643685 a multiple of 53?
True
Is 10834704 a multiple of 22?
False
Is 1602736 a multiple of 16?
True
Is 2670701 a multiple of 50?
False
Is 3188660 a multiple of 1147?
True
Does 218 divide 164372?
True
Is 74 a factor of 10730?
True
Is 261 a factor of 2056161?
False
Is 94306 a multiple of 21?
False
Does 83 divide 147266?
False
Does 31 divide 127931?
False
Is 402 a factor of 3450056?
False
Does 190 divide 10982011?
False
Is 1313576 a multiple of 88?
True
Is 6 a factor of 441392?
False
Is 313899 a multiple of 162?
False
Is 19 a factor of 888464?
False
Is 282 a factor of 642102?
False
Does 135 divide 215325?
True
Is 24 a factor of 169776?
True
Is 10029731 a multiple of 31?
False
Is 811440 a multiple of 70?
True
Is 546 a factor of 202583?
False
Is 2340090 a multiple of 54?
True
Does 33 divide 382371?
True
Is 6567288 a multiple of 322?
False
Is 2912710 a multiple of 10?
True
Is 5 a factor of 1727815?
True
Is 19 a factor of 3786063?
False
Does 5 divide 9245?
True
Does 78 divide 53391?
False
Does 85 divide 1270091?
False
Does 264 divide 2104608?
True
Does 6 divide 18?
True
Does 8 divide 2100725?
False
Is 302207 a multiple of 131?
False
Does 8 divide 739735?
False
Does 5 divide 5250?
True
Is 34 a factor of 95937?
False
Does 135 divide 2819734?
False
Does 215 divide 5035644?
False
Is 70 a factor of 536060?
True
Is 450 a factor of 15099300?
True
Is 30378 a multiple of 20?
False
Does 56 divide 6132504?
True
Is 34655 a multiple of 29?
True
Is 176 a factor of 10208?
True
Is 470057 a multiple of 49?
True
Does 57 divide 23610533?
False
Is 151311 a multiple of 31?
True
Does 22 divide 4421617?
False
Is 603900 a multiple of 183?
True
Does 14 divide 677597?
False
Is 4173365 a multiple of 59?
True
Does 10 divide 133135?
False
Is 35 a factor of 6829480?
True
Does 4 divide 2444?
True
Is 3871716 a multiple of 94?
False
Does 385 divide 68145?
True
Does 228 divide 1801720?
False
Is 5 a factor of 496068?
False
Is 35 a factor of 793625?
True
Is 253 a factor of 887168?
False
Is 2536008 a multiple of 26?
False
Does 89 divide 124422?
True
Is 443 a factor of 3141077?
False
Does 15 divide 15810?
True
Is 263159 a multiple of 9?
False
Does 52 divide 28370472?
True
Is 4363776 a multiple of 12?
True
Does 91 divide 122850?
True
Does 185 divide 11088715?
True
Is 158 a factor of 55948?
False
Is 285 a factor of 436335?
True
Is 14070 a multiple of 30?
True
Does 309 divide 2071390?
False
Is 7961950 a multiple of 1615?
True
Does 22 divide 53719?
False
Is 66